{"id":146,"date":"2023-05-24T07:39:43","date_gmt":"2023-05-24T07:39:43","guid":{"rendered":"https:\/\/nyirbusz.hu\/?page_id=146"},"modified":"2024-01-03T18:45:17","modified_gmt":"2024-01-03T18:45:17","slug":"ez-lesz-a","status":"publish","type":"page","link":"https:\/\/nyirbusz.hu\/index.php\/ez-lesz-a\/","title":{"rendered":"El\u00e9rhet\u0151s\u00e9geink\/Kapcsolat"},"content":{"rendered":"<p><strong>C\u00edm\u00fcnk:<\/strong> 4400 Ny\u00edregyh\u00e1za, B\u00faza t\u00e9r 3.<\/p>\n<p><iframe loading=\"lazy\" style=\"border: 0;\" src=\"https:\/\/www.google.com\/maps\/embed?pb=!1m18!1m12!1m3!1d2671.7659161837664!2d21.710742252114887!3d47.96025048855217!2m3!1f0!2f0!3f0!3m2!1i1024!2i768!4f13.1!3m3!1m2!1s0x47389f96d9f771cb%3A0x28bb2d1ad86ca4f3!2zQsO6emEgdMOpciAzLCBOecOtcmVneWjDoXphLCA0NDAw!5e0!3m2!1shu!2shu!4v1438685208395\" width=\"617\" height=\"617\" frameborder=\"0\" allowfullscreen=\"allowfullscreen\" data-mce-fragment=\"1\"><\/iframe><\/p>\n<h4><strong>Aj\u00e1nlatk\u00e9r\u00e9s:<\/strong><\/h4>\n<ul>\n<li><strong>Email: nyirbusz@gmail.com<\/strong><\/li>\n<li><strong>Telefon:<\/strong> +36 30\/345-2380<\/li>\n<\/ul>\n","protected":false},"excerpt":{"rendered":"<p>C\u00edm\u00fcnk: 4400 Ny\u00edregyh\u00e1za, B\u00faza t\u00e9r 3. Aj\u00e1nlatk\u00e9r\u00e9s: Email: nyirbusz@gmail.com Telefon: &hellip; <\/p>\n","protected":false},"author":2,"featured_media":0,"parent":0,"menu_order":0,"comment_status":"closed","ping_status":"closed","template":"","meta":{"footnotes":""},"class_list":["post-146","page","type-page","status-publish","hentry"],"_links":{"self":[{"href":"https:\/\/nyirbusz.hu\/index.php\/wp-json\/wp\/v2\/pages\/146","targetHints":{"allow":["GET"]}}],"collection":[{"href":"https:\/\/nyirbusz.hu\/index.php\/wp-json\/wp\/v2\/pages"}],"about":[{"href":"https:\/\/nyirbusz.hu\/index.php\/wp-json\/wp\/v2\/types\/page"}],"author":[{"embeddable":true,"href":"https:\/\/nyirbusz.hu\/index.php\/wp-json\/wp\/v2\/users\/2"}],"replies":[{"embeddable":true,"href":"https:\/\/nyirbusz.hu\/index.php\/wp-json\/wp\/v2\/comments?post=146"}],"version-history":[{"count":3,"href":"https:\/\/nyirbusz.hu\/index.php\/wp-json\/wp\/v2\/pages\/146\/revisions"}],"predecessor-version":[{"id":166,"href":"https:\/\/nyirbusz.hu\/index.php\/wp-json\/wp\/v2\/pages\/146\/revisions\/166"}],"wp:attachment":[{"href":"https:\/\/nyirbusz.hu\/index.php\/wp-json\/wp\/v2\/media?parent=146"}],"curies":[{"name":"wp","href":"https:\/\/api.w.org\/{rel}","templated":true}]}}